20.
20
Calculate the highest common factor of 12 and 6588.
12
What is the highest common factor of 1056 and 33?
33
Calculate the highest common divisor of 88 and 4664.
88
What is the greatest common divisor of 24355 and 10?
5
What is the greatest common factor of 1752 and 6351?
219
What is the highest common factor of 1 and 96?
1
What is the greatest common factor of 992 and 32?
32
Calculate the greatest common divisor of 1334 and 621.
23
Calculate the highest common divisor of 11568 and 48.
48
Calculate the greatest common divisor of 3328 and 182.
26
Calculate the highest common divisor of 310 and 15965.
155
Calculate the greatest common divisor of 2813 and 87.
29
What is the greatest common divisor of 44 and 32?
4
Calculate the highest common divisor of 280 and 56.
56
Calculate the greatest common factor of 26 and 624.
26
What is the highest common factor of 2 and 98?
2
What is the greatest common divisor of 46525 and 25?
25
Calculate the highest common divisor of 85 and 272.
17
Calculate the greatest common divisor of 3840 and 15.
15
What is the greatest common factor of 38 and 18?
2
Calculate the highest common divisor of 350 and 50.
50
Calculate the highest common divisor of 1330 and 20.
10
Calculate the greatest common factor of 12 and 324.
12
Calculate the highest common divisor of 4864 and 32.
32
What is the highest common divisor of 10 and 10665?
5
Calculate the greatest common factor of 96 and 672.
96
Calculate the highest common divisor of 9 and 15381.
9
Calculate the highest common divisor of 803 and 539.
11
Calculate the highest common divisor of 660 and 360.
60
Calculate the highest common divisor of 168 and 3840.
24
What is the greatest common factor of 391 and 170?
17
Calculate the greatest common divisor of 583 and 143.
11
Calculate the greatest common divisor of 78 and 2418.
78
What is the highest common factor of 136 and 323?
17
Calculate the greatest common divisor of 87 and 9.
3
What is the highest common divisor of 81 and 10503?
27
Calculate the greatest common divisor of 3127 and 53.
53
Calculate the highest common factor of 1325 and 53.
53
What is the highest common factor of 1090 and 763?
109
What is the greatest common divisor of 10 and 1570?
10
What is the highest common factor of 3239 and 79?
79
Calculate the greatest common factor of 10560 and 360.
120
What is the greatest common divisor of 2516 and 612?
68
Calculate the highest common divisor of 10 and 82.
2
Calculate the greatest common divisor of 11 and 33.
11
What is the greatest common factor of 40 and 45?
5
Calculate the greatest common divisor of 24 and 104.
8
What is the greatest common factor of 39 and 65?
13
Calculate the greatest common divisor of 6748 and 8.
4
Calculate the greatest common divisor of 476 and 986.
34
What is the highest common factor of 4067 and 83?
83
What is the highest common factor of 1 and 233?
1
What is the greatest common divisor of 12 and 1068?
12
What is the highest common divisor of 117 and 3458?
13
What is the greatest common factor of 285 and 195?
15
What is the greatest common divisor of 100 and 20?
20
What is the greatest common divisor of 5 and 640?
5
What is the greatest common factor of 35006 and 138?
46
Calculate the greatest common factor of 30 and 222.
6
Calculate the highest common divisor of 80 and 520.
40
Calculate the greatest common divisor of 73 and 1168.
73
What is the highest common factor of 374 and 51?
17
What is the highest common divisor of 1491 and 42?
21
What is the greatest common factor of 7160 and 40?
40
What is the highest common factor of 1386 and 84?
42
Calculate the highest common factor of 11 and 11.
11
Calculate the highest common factor of 714 and 6.
6
Calculate the greatest common factor of 252 and 203.
7
What is the greatest common factor of 711 and 6636?
237
What is the greatest common divisor of 135 and 351?
27
Calculate the greatest common divisor of 410 and 82.
82
Calculate the greatest common factor of 251 and 34889.
251
Calculate the highest common factor of 592 and 1591.
37
Calculate the highest common divisor of 120 and 5.
5
Calculate the greatest common factor of 4998 and 51.
51
What is the greatest common divisor of 2597 and 1219?
53
What is the highest common factor of 322 and 406?
14
What is the greatest common factor of 84 and 63?
21
What is the highest common divisor of 728 and 392?
56
What is the highest common divisor of 20 and 140?
20
Calculate the greatest common divisor of 24 and 232.
8
What is the highest common divisor of 28 and 161?
7
What is the greatest common divisor of 684 and 646?
38
What is the highest common factor of 39 and 1?
1
What is the greatest common divisor of 57 and 849?
3
What is the greatest common factor of 15 and 3505?
5
Calculate the highest common factor of 133 and 8911.
133
Calculate the highest common divisor of 140 and 4970.
70
Calculate the greatest common factor of 108 and 1212.
12
Calculate the greatest common divisor of 20 and 640.
20
What is the highest common divisor of 37 and 592?
37
Calculate the greatest common divisor of 266 and 589.
19
What is the highest common factor of 9 and 36?
9
Calculate the highest common divisor of 35 and 805.
35
What is the highest common divisor of 4796 and 11?
11
Calculate the highest common factor of 8284 and 608.
76
What is the greatest common factor of 126 and 26?
2
What is the highest common factor of 90 and 297?
9
What is the highest common divisor of 209 and 396?
11
Calculate the greatest common divisor of 1035 and 1125.
45
Calculate the greatest common factor of 10989 and 22.
11
What is the highest common divisor of 676 and 4?
4
Calculate the highest common divisor of 6655 and 55.
55
Calculate the highest common divisor of 27 and 459.
27
Calculate the highest common divisor of 150 and 480.
30
Calculate the highest common factor of 40 and 2560.
40
Calculate the highest common divisor of 182 and 208.
26
Calculate the highest common factor of 55 and 11.
11
What is the highest common divisor of 2187 and 81?
81
What is the highest common factor of 36 and 126?
18
Calculate the greatest common factor of 55152 and 144.
144
Calculate the greatest common divisor of 128 and 10240.
128
What is the greatest common divisor of 275 and 319?
11
What is the greatest common divisor of 407 and 148?
37
What is the greatest common factor of 596 and 12?
4
What is the greatest common divisor of 1248 and 468?
156
Calculate the highest common factor of 47 and 94.
47
What is the greatest common divisor of 3680 and 10?
10
Calculate the greatest common divisor of 42 and 406.
14
What is the greatest common divisor of 9 and 261?
9
What is the greatest common divisor of 1230 and 574?
82
Calculate the greatest common factor of 13195 and 91.
91
Calculate the highest common divisor of 6784 and 53.
53
Calculate the greatest common divisor of 62 and 1178.
62
What is the highest common divisor of 30 and 7995?
15
Calculate the greatest common factor of 54 and 126.
18
Calculate the highest common factor of 1536 and 24.
24
Calculate the greatest common factor of 96 and 800.
32
What is the greatest common divisor of 54 and 27?
27
Calculate the highest common divisor of 528 and 594.
66
Calculate the highest common divisor of 476 and 1008.
28
What is the greatest common divisor of 48 and 840?
24
Calculate the greatest common factor of 4520 and 40.
40
Calculate the greatest common factor of 13420 and 10.
10
What is the greatest common divisor of 64 and 736?
32
What is the greatest common factor of 55 and 440?
55
What is the highest common divisor of 85 and 340?
85
Calculate the highest common factor of 1641 and 6.
3
Calculate the highest common factor of 1057 and 302.
151
What is the highest common factor of 289 and 17?
17
Calculate the highest common factor of 16 and 68.
4
Calculate the highest common divisor of 14 and 637.
7
Calculate the greatest common divisor of 2461 and 321.
107
Calculate the highest common factor of 171 and 19.
19
Calculate the greatest common factor of 60 and 22320.
60
What is the highest common factor of 65 and 1?
1
What is the highest common divisor of 91 and 14?
7
What is the greatest common divisor of 104 and 28?
4
What is the greatest common divisor of 248 and 1116?
124
Calculate the greatest common factor of 2